{"id":5498,"date":"2021-10-21T10:22:24","date_gmt":"2021-10-21T10:22:24","guid":{"rendered":"https:\/\/visittossa.com\/rutes-i-natura\/camins-de-ronda\/"},"modified":"2025-02-06T13:16:47","modified_gmt":"2025-02-06T13:16:47","slug":"les-chemins-de-ronde","status":"publish","type":"page","link":"https:\/\/visittossa.com\/fr\/itineraires-et-nature\/les-chemins-de-ronde\/","title":{"rendered":"Les chemins de ronde"},"content":{"rendered":"<section class=\"l-section wpb_row height_large width_full tossaHd with_img\" id=\"hdMd\"><div class=\"l-section-img\" style=\"background-image: url(https:\/\/visittossa.com\/wp-content\/uploads\/2021\/11\/Camins-de-ronda-hd.jpg);background-repeat: no-repeat;\" data-img-width=\"1500\" data-img-height=\"370\"><\/div><div class=\"l-section-h i-cf\"><div class=\"g-cols vc_row type_default valign_middle\"><div class=\"vc_col-sm-12 wpb_column vc_column_container\"><div class=\"vc_column-inner\"><div class=\"wpb_wrapper\"><\/div><\/div><\/div><\/div><\/div><\/section><section class=\"l-section wpb_row height_large\" id=\"dblMd\"><div class=\"l-section-h i-cf\"><div class=\"g-cols vc_row type_default valign_top\"><div class=\"vc_col-sm-6 wpb_column vc_column_container imgCol\"><div class=\"vc_column-inner\"><div class=\"wpb_wrapper\"><div class=\"wpb_text_column tltMd\" ><div class=\"wpb_wrapper\"><h2>Chemin de ronde nord &#8211; Cala Pola<\/h2>\n<\/div><\/div><div class=\"wpb_text_column us_custom_70facfb4 txtMd\" ><div class=\"wpb_wrapper\"><p><strong>Degr\u00e9 de difficult\u00e9 :<\/strong> Faible<br \/>\n<strong>Distance de l\u2019itin\u00e9raire :<\/strong> 6,6 km<br \/>\n<strong>Hauteur maximale :<\/strong> 123 m.<br \/>\n<strong>Temps estim\u00e9 :<\/strong> 2 h<br \/>\n<strong>Lieu de d\u00e9part :<\/strong> Office de tourisme \/ Parc Sa Riera<\/p>\n<\/div><\/div><div class=\"w-image us_custom_70facfb4 align_none\"><div class=\"w-image-h\"><img loading=\"lazy\" decoding=\"async\" width=\"1148\" height=\"495\" src=\"https:\/\/visittossa.com\/wp-content\/uploads\/2021\/10\/Cala-Pola-ruta.png\" class=\"attachment-full size-full\" alt=\"\" srcset=\"https:\/\/visittossa.com\/wp-content\/uploads\/2021\/10\/Cala-Pola-ruta.png 1148w, https:\/\/visittossa.com\/wp-content\/uploads\/2021\/10\/Cala-Pola-ruta-300x129.png 300w, https:\/\/visittossa.com\/wp-content\/uploads\/2021\/10\/Cala-Pola-ruta-1024x442.png 1024w\" sizes=\"auto, (max-width: 1148px) 100vw, 1148px\" \/><\/div><\/div><div class=\"wpb_text_column txtMd\" ><div class=\"wpb_wrapper\"><p>Itin\u00e9raire en boucle qui permet d\u2019appr\u00e9cier le spectaculaire paysage c\u00f4tier du massif d\u2019Ardenya Cadiretes. Les flancs maritimes de ce massif plongent subitement dans la mer, dessinant une c\u00f4te aux grandes falaises entrecoup\u00e9es de petites calanques, et un panorama naturel aux valeurs esth\u00e9tiques exceptionnelles. Une bonne partie du trajet emprunte une piste en parfait \u00e9tat, jusqu\u2019au tron\u00e7on du chemin de ronde. Sur ce dernier, un sentier \u00e0 travers des sites en surplomb de falaises, les plus extr\u00eames pr\u00e9cautions doivent \u00eatre prises.<\/p>\n<\/div><\/div><\/div><\/div><\/div><div class=\"vc_col-sm-6 wpb_column vc_column_container infoCol\"><div class=\"vc_column-inner\"><div class=\"wpb_wrapper\"><div class=\"w-image align_none\"><div class=\"w-image-h\"><img loading=\"lazy\" decoding=\"async\" width=\"2560\" height=\"1440\" src=\"https:\/\/visittossa.com\/wp-content\/uploads\/2022\/03\/Cami-de-ronda-nord-scaled.jpeg\" class=\"attachment-full size-full\" alt=\"\" srcset=\"https:\/\/visittossa.com\/wp-content\/uploads\/2022\/03\/Cami-de-ronda-nord-scaled.jpeg 2560w, https:\/\/visittossa.com\/wp-content\/uploads\/2022\/03\/Cami-de-ronda-nord-300x169.jpeg 300w, https:\/\/visittossa.com\/wp-content\/uploads\/2022\/03\/Cami-de-ronda-nord-1024x576.jpeg 1024w\" sizes=\"auto, (max-width: 2560px) 100vw, 2560px\" \/><\/div><\/div><\/div><\/div><\/div><\/div><\/div><\/section><section class=\"l-section wpb_row height_large\" id=\"dblMd\"><div class=\"l-section-h i-cf\"><div class=\"g-cols vc_row type_default valign_top\"><div class=\"vc_col-sm-6 wpb_column vc_column_container imgCol\"><div class=\"vc_column-inner\"><div class=\"wpb_wrapper\"><div class=\"wpb_text_column tltMd\" ><div class=\"wpb_wrapper\"><h2>Chemin de ronde sud &#8211; Es Codolar<\/h2>\n<\/div><\/div><div class=\"wpb_text_column txtMd\" ><div class=\"wpb_wrapper\"><p><strong>Degr\u00e9 de difficult\u00e9 :<\/strong> Faible<br \/>\n<strong>Distance de l\u2019itin\u00e9raire :<\/strong> 3 km<br \/>\n<strong>Hauteur maximale :<\/strong> 117 m.<br \/>\n<strong>Temps estim\u00e9 :<\/strong> 1 h<br \/>\n<strong>Lieu de d\u00e9part :<\/strong>\u00a0Office de tourisme.<\/p>\n<\/div><\/div><div class=\"w-image us_custom_70facfb4 align_none\"><div class=\"w-image-h\"><img loading=\"lazy\" decoding=\"async\" width=\"1135\" height=\"545\" src=\"https:\/\/visittossa.com\/wp-content\/uploads\/2021\/10\/Es-Codolar-ruta.png\" class=\"attachment-full size-full\" alt=\"\" srcset=\"https:\/\/visittossa.com\/wp-content\/uploads\/2021\/10\/Es-Codolar-ruta.png 1135w, https:\/\/visittossa.com\/wp-content\/uploads\/2021\/10\/Es-Codolar-ruta-300x144.png 300w, https:\/\/visittossa.com\/wp-content\/uploads\/2021\/10\/Es-Codolar-ruta-1024x492.png 1024w\" sizes=\"auto, (max-width: 1135px) 100vw, 1135px\" \/><\/div><\/div><div class=\"wpb_text_column txtMd\" ><div class=\"wpb_wrapper\"><p>Itin\u00e9raire en boucle qui va \u00e0 la rencontre du versant maritime du massif d\u2019Ardenya Cadiretes et pousse jusqu\u2019\u00e0 la calanque d\u2019Es Codolar, situ\u00e9e au pied de l\u2019imposante muraille de la Vila Vella (vieille ville) de Tossa de Mar. Le parcours emprunte un tron\u00e7on du chemin de ronde d\u2019o\u00f9 l\u2019on b\u00e9n\u00e9ficie de l&#8217;un des paysages les plus spectaculaires et repr\u00e9sentatifs de la Costa Brava. Sur ce dernier, un sentier \u00e0 travers des sites en surplomb de falaises, les plus extr\u00eames pr\u00e9cautions doivent \u00eatre prises.<\/p>\n<\/div><\/div><div class=\"w-separator size_small\"><\/div><div class=\"w-btn-wrapper width_auto align_left\"><a class=\"w-btn us-btn-style_1\" title=\"Itin\u00e9raires et parcours\" target=\"_blank\" href=\"https:\/\/visittossa.com\/wp-content\/uploads\/2022\/08\/Fulleto_rutes_senderisme_FRANCES.pdf\" rel=\"noopener\"><span class=\"w-btn-label\">ITIN\u00c9RAIRES ET PARCOURS<\/span><\/a><\/div><\/div><\/div><\/div><div class=\"vc_col-sm-6 wpb_column vc_column_container infoCol\"><div class=\"vc_column-inner\"><div class=\"wpb_wrapper\"><div class=\"w-image align_none\"><div class=\"w-image-h\"><img loading=\"lazy\" decoding=\"async\" width=\"611\" height=\"407\" src=\"https:\/\/visittossa.com\/wp-content\/uploads\/2021\/01\/Cami-ronda-sud.jpg\" class=\"attachment-full size-full\" alt=\"\" srcset=\"https:\/\/visittossa.com\/wp-content\/uploads\/2021\/01\/Cami-ronda-sud.jpg 611w, https:\/\/visittossa.com\/wp-content\/uploads\/2021\/01\/Cami-ronda-sud-300x200.jpg 300w\" sizes=\"auto, (max-width: 611px) 100vw, 611px\" \/><\/div><\/div><\/div><\/div><\/div><\/div><\/div><\/section><section class=\"l-section wpb_row height_medium\" id=\"experienciasMd\"><div class=\"l-section-h i-cf\"><div class=\"g-cols vc_row type_default valign_top\"><div class=\"vc_col-sm-12 wpb_column vc_column_container\"><div class=\"vc_column-inner\"><div class=\"wpb_wrapper\"><div class=\"g-cols wpb_row  type_default valign_top vc_inner\"><div class=\"vc_col-sm-3 wpb_column vc_column_container\"><div class=\"vc_column-inner\"><div class=\"wpb_wrapper\">\n<div id=\"interactive-banner-1-wrap-6513\" class=\"ult-banner-block ult-adjust-bottom-margin ult-bb-box  banner-style01 \"   style=\"\">\n\t<img decoding=\"async\" src=\"https:\/\/visittossa.com\/wp-content\/uploads\/2021\/10\/BiosphereThumb.jpg\" alt=\"null\">\n\t<h3  data-ultimate-target='#interactive-banner-1-wrap-6513 .bb-top-title '  data-responsive-json-new='{\"font-size\":\"\",\"line-height\":\"\"}'  class=\"title-center bb-top-title ult-responsive\" style=\"font-weight:normal;background:#242424;color:#ffffff;\">Biosphere<\/h3>\n\t<div class=\"mask opaque-background\" style=\"background:rgba(35,35,35,0.41);\">\n\t\t<div  data-ultimate-target='#interactive-banner-1-wrap-6513 .bb-description'  data-responsive-json-new='{\"font-size\":\"\",\"line-height\":\"\"}'  class=\"bb-description ult-responsive\" style=\"font-weight:normal;color:#ffffff;\"><\/div>\n\t<\/div><a class=\"bb-link\" href=\"https:\/\/visittossa.com\/fr\/itineraires-et-nature\/biosphere\/\" title=\"Biosphere\" ><\/a>\n<\/div><\/div><\/div><\/div><div class=\"vc_col-sm-3 wpb_column vc_column_container\"><div class=\"vc_column-inner\"><div class=\"wpb_wrapper\">\n<div id=\"interactive-banner-1-wrap-9576\" class=\"ult-banner-block ult-adjust-bottom-margin ult-bb-box  banner-style01 \"   style=\"\">\n\t<img decoding=\"async\" src=\"https:\/\/visittossa.com\/wp-content\/uploads\/2021\/10\/Muntanya-thumb.jpg\" alt=\"null\">\n\t<h3  data-ultimate-target='#interactive-banner-1-wrap-9576 .bb-top-title '  data-responsive-json-new='{\"font-size\":\"\",\"line-height\":\"\"}'  class=\"title-center bb-top-title ult-responsive\" style=\"font-weight:normal;background:#242424;color:#ffffff;\">D\u00e9couvrez la montagne<\/h3>\n\t<div class=\"mask opaque-background\" style=\"background:rgba(35,35,35,0.41);\">\n\t\t<div  data-ultimate-target='#interactive-banner-1-wrap-9576 .bb-description'  data-responsive-json-new='{\"font-size\":\"\",\"line-height\":\"\"}'  class=\"bb-description ult-responsive\" style=\"font-weight:normal;color:#ffffff;\"><\/div>\n\t<\/div><a class=\"bb-link\" href=\"https:\/\/visittossa.com\/fr\/itineraires-et-nature\/decouvrez-la-montagne\/\" title=\"D\u00e9couvrez la montagne\" ><\/a>\n<\/div><\/div><\/div><\/div><div class=\"vc_col-sm-3 wpb_column vc_column_container active\"><div class=\"vc_column-inner\"><div class=\"wpb_wrapper\">\n<div id=\"interactive-banner-1-wrap-2893\" class=\"ult-banner-block ult-adjust-bottom-margin ult-bb-box  banner-style01 \"   style=\"\">\n\t<img decoding=\"async\" src=\"https:\/\/visittossa.com\/wp-content\/uploads\/2021\/10\/Camins-de-Ronda-thumb.jpg\" alt=\"null\">\n\t<h3  data-ultimate-target='#interactive-banner-1-wrap-2893 .bb-top-title '  data-responsive-json-new='{\"font-size\":\"\",\"line-height\":\"\"}'  class=\"title-center bb-top-title ult-responsive\" style=\"font-weight:normal;background:#242424;color:#ffffff;\">Les chemins de ronde<\/h3>\n\t<div class=\"mask opaque-background\" style=\"background:rgba(35,35,35,0.41);\">\n\t\t<div  data-ultimate-target='#interactive-banner-1-wrap-2893 .bb-description'  data-responsive-json-new='{\"font-size\":\"\",\"line-height\":\"\"}'  class=\"bb-description ult-responsive\" style=\"font-weight:normal;color:#ffffff;\"><\/div>\n\t<\/div><a class=\"bb-link\" href=\"https:\/\/visittossa.com\/fr\/itineraires-et-nature\/les-chemins-de-ronde\/\" title=\"Les chemins de ronde\" ><\/a>\n<\/div><\/div><\/div><\/div><div class=\"vc_col-sm-3 wpb_column vc_column_container\"><div class=\"vc_column-inner\"><div class=\"wpb_wrapper\">\n<div id=\"interactive-banner-1-wrap-7958\" class=\"ult-banner-block ult-adjust-bottom-margin ult-bb-box  banner-style01 \"   style=\"\">\n\t<img decoding=\"async\" src=\"https:\/\/visittossa.com\/wp-content\/uploads\/2021\/10\/parcs-thumb.jpg\" alt=\"null\">\n\t<h3  data-ultimate-target='#interactive-banner-1-wrap-7958 .bb-top-title '  data-responsive-json-new='{\"font-size\":\"\",\"line-height\":\"\"}'  class=\"title-center bb-top-title ult-responsive\" style=\"font-weight:normal;background:#242424;color:#ffffff;\">Parcs<\/h3>\n\t<div class=\"mask opaque-background\" style=\"background:rgba(35,35,35,0.41);\">\n\t\t<div  data-ultimate-target='#interactive-banner-1-wrap-7958 .bb-description'  data-responsive-json-new='{\"font-size\":\"\",\"line-height\":\"\"}'  class=\"bb-description ult-responsive\" style=\"font-weight:normal;color:#ffffff;\"><\/div>\n\t<\/div><a class=\"bb-link\" href=\"https:\/\/visittossa.com\/fr\/itineraires-et-nature\/parcs\/\" title=\"Parcs\" ><\/a>\n<\/div><\/div><\/div><\/div><\/div><\/div><\/div><\/div><\/div><\/div><\/section>\n","protected":false},"excerpt":{"rendered":"Chemin de ronde nord &#8211; Cala Pola Degr\u00e9 de difficult\u00e9 : Faible Distance de l\u2019itin\u00e9raire : 6,6 km Hauteur maximale : 123 m. Temps estim\u00e9 : 2 h Lieu de d\u00e9part : Office de tourisme \/ Parc Sa Riera Itin\u00e9raire en boucle qui permet d\u2019appr\u00e9cier le spectaculaire paysage c\u00f4tier du massif d\u2019Ardenya Cadiretes. Les flancs...","protected":false},"author":1,"featured_media":0,"parent":5486,"menu_order":0,"comment_status":"closed","ping_status":"closed","template":"","meta":{"_monsterinsights_skip_tracking":false,"_monsterinsights_sitenote_active":false,"_monsterinsights_sitenote_note":"","_monsterinsights_sitenote_category":0,"footnotes":""},"class_list":["post-5498","page","type-page","status-publish","hentry"],"_links":{"self":[{"href":"https:\/\/visittossa.com\/fr\/wp-json\/wp\/v2\/pages\/5498","targetHints":{"allow":["GET"]}}],"collection":[{"href":"https:\/\/visittossa.com\/fr\/wp-json\/wp\/v2\/pages"}],"about":[{"href":"https:\/\/visittossa.com\/fr\/wp-json\/wp\/v2\/types\/page"}],"author":[{"embeddable":true,"href":"https:\/\/visittossa.com\/fr\/wp-json\/wp\/v2\/users\/1"}],"replies":[{"embeddable":true,"href":"https:\/\/visittossa.com\/fr\/wp-json\/wp\/v2\/comments?post=5498"}],"version-history":[{"count":10,"href":"https:\/\/visittossa.com\/fr\/wp-json\/wp\/v2\/pages\/5498\/revisions"}],"predecessor-version":[{"id":16070,"href":"https:\/\/visittossa.com\/fr\/wp-json\/wp\/v2\/pages\/5498\/revisions\/16070"}],"up":[{"embeddable":true,"href":"https:\/\/visittossa.com\/fr\/wp-json\/wp\/v2\/pages\/5486"}],"wp:attachment":[{"href":"https:\/\/visittossa.com\/fr\/wp-json\/wp\/v2\/media?parent=5498"}],"curies":[{"name":"wp","href":"https:\/\/api.w.org\/{rel}","templated":true}]}}

<section class="l-section wpb_row height_large width_full tossaHd with_img" id="hdMd"><div class="l-section-img" style="background-image: url(https://visittossa.com/wp-content/uploads/2021/11/Camins-de-ronda-hd.jpg);background-repeat: no-repeat;" data-img-width="1500" data-img-height="370"></div><div class="l-section-h i-cf"><div class="g-cols vc_row type_default valign_middle"><div class="vc_col-sm-12 wpb_column vc_column_container"><div class="vc_column-inner"><div class="wpb_wrapper"></div></div></div></div></div></section><section class="l-section wpb_row height_large" id="dblMd"><div class="l-section-h i-cf"><div class="g-cols vc_row type_default valign_top"><div class="vc_col-sm-6 wpb_column vc_column_container imgCol"><div class="vc_column-inner"><div class="wpb_wrapper"><div class="wpb_text_column tltMd" ><div class="wpb_wrapper"><h2>Chemin de ronde nord &#8211; Cala Pola</h2>
</div></div><div class="wpb_text_column us_custom_70facfb4 txtMd" ><div class="wpb_wrapper"><p><strong>Degré de difficulté :</strong> Faible<br />
<strong>Distance de l’itinéraire :</strong> 6,6 km<br />
<strong>Hauteur maximale :</strong> 123 m.<br />
<strong>Temps estimé :</strong> 2 h<br />
<strong>Lieu de départ :</strong> Office de tourisme / Parc Sa Riera</p>
</div></div><div class="w-image us_custom_70facfb4 align_none"><div class="w-image-h"><img loading="lazy" decoding="async" width="1148" height="495" src="https://visittossa.com/wp-content/uploads/2021/10/Cala-Pola-ruta.png" class="attachment-full size-full" alt="" srcset="https://visittossa.com/wp-content/uploads/2021/10/Cala-Pola-ruta.png 1148w, https://visittossa.com/wp-content/uploads/2021/10/Cala-Pola-ruta-300x129.png 300w, https://visittossa.com/wp-content/uploads/2021/10/Cala-Pola-ruta-1024x442.png 1024w" sizes="auto, (max-width: 1148px) 100vw, 1148px" /></div></div><div class="wpb_text_column txtMd" ><div class="wpb_wrapper"><p>Itinéraire en boucle qui permet d’apprécier le spectaculaire paysage côtier du massif d’Ardenya Cadiretes. Les flancs maritimes de ce massif plongent subitement dans la mer, dessinant une côte aux grandes falaises entrecoupées de petites calanques, et un panorama naturel aux valeurs esthétiques exceptionnelles. Une bonne partie du trajet emprunte une piste en parfait état, jusqu’au tronçon du chemin de ronde. Sur ce dernier, un sentier à travers des sites en surplomb de falaises, les plus extrêmes précautions doivent être prises.</p>
</div></div></div></div></div><div class="vc_col-sm-6 wpb_column vc_column_container infoCol"><div class="vc_column-inner"><div class="wpb_wrapper"><div class="w-image align_none"><div class="w-image-h"><img loading="lazy" decoding="async" width="2560" height="1440" src="https://visittossa.com/wp-content/uploads/2022/03/Cami-de-ronda-nord-scaled.jpeg" class="attachment-full size-full" alt="" srcset="https://visittossa.com/wp-content/uploads/2022/03/Cami-de-ronda-nord-scaled.jpeg 2560w, https://visittossa.com/wp-content/uploads/2022/03/Cami-de-ronda-nord-300x169.jpeg 300w, https://visittossa.com/wp-content/uploads/2022/03/Cami-de-ronda-nord-1024x576.jpeg 1024w" sizes="auto, (max-width: 2560px) 100vw, 2560px" /></div></div></div></div></div></div></div></section><section class="l-section wpb_row height_large" id="dblMd"><div class="l-section-h i-cf"><div class="g-cols vc_row type_default valign_top"><div class="vc_col-sm-6 wpb_column vc_column_container imgCol"><div class="vc_column-inner"><div class="wpb_wrapper"><div class="wpb_text_column tltMd" ><div class="wpb_wrapper"><h2>Chemin de ronde sud &#8211; Es Codolar</h2>
</div></div><div class="wpb_text_column txtMd" ><div class="wpb_wrapper"><p><strong>Degré de difficulté :</strong> Faible<br />
<strong>Distance de l’itinéraire :</strong> 3 km<br />
<strong>Hauteur maximale :</strong> 117 m.<br />
<strong>Temps estimé :</strong> 1 h<br />
<strong>Lieu de départ :</strong> Office de tourisme.</p>
</div></div><div class="w-image us_custom_70facfb4 align_none"><div class="w-image-h"><img loading="lazy" decoding="async" width="1135" height="545" src="https://visittossa.com/wp-content/uploads/2021/10/Es-Codolar-ruta.png" class="attachment-full size-full" alt="" srcset="https://visittossa.com/wp-content/uploads/2021/10/Es-Codolar-ruta.png 1135w, https://visittossa.com/wp-content/uploads/2021/10/Es-Codolar-ruta-300x144.png 300w, https://visittossa.com/wp-content/uploads/2021/10/Es-Codolar-ruta-1024x492.png 1024w" sizes="auto, (max-width: 1135px) 100vw, 1135px" /></div></div><div class="wpb_text_column txtMd" ><div class="wpb_wrapper"><p>Itinéraire en boucle qui va à la rencontre du versant maritime du massif d’Ardenya Cadiretes et pousse jusqu’à la calanque d’Es Codolar, située au pied de l’imposante muraille de la Vila Vella (vieille ville) de Tossa de Mar. Le parcours emprunte un tronçon du chemin de ronde d’où l’on bénéficie de l&#8217;un des paysages les plus spectaculaires et représentatifs de la Costa Brava. Sur ce dernier, un sentier à travers des sites en surplomb de falaises, les plus extrêmes précautions doivent être prises.</p>
</div></div><div class="w-separator size_small"></div><div class="w-btn-wrapper width_auto align_left"><a class="w-btn us-btn-style_1" title="Itinéraires et parcours" target="_blank" href="https://visittossa.com/wp-content/uploads/2022/08/Fulleto_rutes_senderisme_FRANCES.pdf" rel="noopener"><span class="w-btn-label">ITINÉRAIRES ET PARCOURS</span></a></div></div></div></div><div class="vc_col-sm-6 wpb_column vc_column_container infoCol"><div class="vc_column-inner"><div class="wpb_wrapper"><div class="w-image align_none"><div class="w-image-h"><img loading="lazy" decoding="async" width="611" height="407" src="https://visittossa.com/wp-content/uploads/2021/01/Cami-ronda-sud.jpg" class="attachment-full size-full" alt="" srcset="https://visittossa.com/wp-content/uploads/2021/01/Cami-ronda-sud.jpg 611w, https://visittossa.com/wp-content/uploads/2021/01/Cami-ronda-sud-300x200.jpg 300w" sizes="auto, (max-width: 611px) 100vw, 611px" /></div></div></div></div></div></div></div></section><section class="l-section wpb_row height_medium" id="experienciasMd"><div class="l-section-h i-cf"><div class="g-cols vc_row type_default valign_top"><div class="vc_col-sm-12 wpb_column vc_column_container"><div class="vc_column-inner"><div class="wpb_wrapper"><div class="g-cols wpb_row  type_default valign_top vc_inner"><div class="vc_col-sm-3 wpb_column vc_column_container"><div class="vc_column-inner"><div class="wpb_wrapper">
<div id="interactive-banner-1-wrap-6513" class="ult-banner-block ult-adjust-bottom-margin ult-bb-box  banner-style01 "   style="">
	<img decoding="async" src="https://visittossa.com/wp-content/uploads/2021/10/BiosphereThumb.jpg" alt="null">
	<h3  data-ultimate-target='#interactive-banner-1-wrap-6513 .bb-top-title '  data-responsive-json-new='{"font-size":"","line-height":""}'  class="title-center bb-top-title ult-responsive" style="font-weight:normal;background:#242424;color:#ffffff;">Biosphere</h3>
	<div class="mask opaque-background" style="background:rgba(35,35,35,0.41);">
		<div  data-ultimate-target='#interactive-banner-1-wrap-6513 .bb-description'  data-responsive-json-new='{"font-size":"","line-height":""}'  class="bb-description ult-responsive" style="font-weight:normal;color:#ffffff;"></div>
	</div><a class="bb-link" href="https://visittossa.com/fr/itineraires-et-nature/biosphere/" title="Biosphere" ></a>
</div></div></div></div><div class="vc_col-sm-3 wpb_column vc_column_container"><div class="vc_column-inner"><div class="wpb_wrapper">
<div id="interactive-banner-1-wrap-9576" class="ult-banner-block ult-adjust-bottom-margin ult-bb-box  banner-style01 "   style="">
	<img decoding="async" src="https://visittossa.com/wp-content/uploads/2021/10/Muntanya-thumb.jpg" alt="null">
	<h3  data-ultimate-target='#interactive-banner-1-wrap-9576 .bb-top-title '  data-responsive-json-new='{"font-size":"","line-height":""}'  class="title-center bb-top-title ult-responsive" style="font-weight:normal;background:#242424;color:#ffffff;">Découvrez la montagne</h3>
	<div class="mask opaque-background" style="background:rgba(35,35,35,0.41);">
		<div  data-ultimate-target='#interactive-banner-1-wrap-9576 .bb-description'  data-responsive-json-new='{"font-size":"","line-height":""}'  class="bb-description ult-responsive" style="font-weight:normal;color:#ffffff;"></div>
	</div><a class="bb-link" href="https://visittossa.com/fr/itineraires-et-nature/decouvrez-la-montagne/" title="Découvrez la montagne" ></a>
</div></div></div></div><div class="vc_col-sm-3 wpb_column vc_column_container active"><div class="vc_column-inner"><div class="wpb_wrapper">
<div id="interactive-banner-1-wrap-2893" class="ult-banner-block ult-adjust-bottom-margin ult-bb-box  banner-style01 "   style="">
	<img decoding="async" src="https://visittossa.com/wp-content/uploads/2021/10/Camins-de-Ronda-thumb.jpg" alt="null">
	<h3  data-ultimate-target='#interactive-banner-1-wrap-2893 .bb-top-title '  data-responsive-json-new='{"font-size":"","line-height":""}'  class="title-center bb-top-title ult-responsive" style="font-weight:normal;background:#242424;color:#ffffff;">Les chemins de ronde</h3>
	<div class="mask opaque-background" style="background:rgba(35,35,35,0.41);">
		<div  data-ultimate-target='#interactive-banner-1-wrap-2893 .bb-description'  data-responsive-json-new='{"font-size":"","line-height":""}'  class="bb-description ult-responsive" style="font-weight:normal;color:#ffffff;"></div>
	</div><a class="bb-link" href="https://visittossa.com/fr/itineraires-et-nature/les-chemins-de-ronde/" title="Les chemins de ronde" ></a>
</div></div></div></div><div class="vc_col-sm-3 wpb_column vc_column_container"><div class="vc_column-inner"><div class="wpb_wrapper">
<div id="interactive-banner-1-wrap-7958" class="ult-banner-block ult-adjust-bottom-margin ult-bb-box  banner-style01 "   style="">
	<img decoding="async" src="https://visittossa.com/wp-content/uploads/2021/10/parcs-thumb.jpg" alt="null">
	<h3  data-ultimate-target='#interactive-banner-1-wrap-7958 .bb-top-title '  data-responsive-json-new='{"font-size":"","line-height":""}'  class="title-center bb-top-title ult-responsive" style="font-weight:normal;background:#242424;color:#ffffff;">Parcs</h3>
	<div class="mask opaque-background" style="background:rgba(35,35,35,0.41);">
		<div  data-ultimate-target='#interactive-banner-1-wrap-7958 .bb-description'  data-responsive-json-new='{"font-size":"","line-height":""}'  class="bb-description ult-responsive" style="font-weight:normal;color:#ffffff;"></div>
	</div><a class="bb-link" href="https://visittossa.com/fr/itineraires-et-nature/parcs/" title="Parcs" ></a>
</div></div></div></div></div></div></div></div></div></div></section>

Chemin de ronde nord &#8211; Cala Pola Degré de difficulté : Faible Distance de l’itinéraire : 6,6 km Hauteur maximale : 123 m. Temps estimé : 2 h Lieu de départ : Office de tourisme / Parc Sa Riera Itinéraire en boucle qui permet d’apprécier le spectaculaire paysage côtier du massif d’Ardenya Cadiretes. Les flancs...
