{"id":8562,"date":"2022-03-24T17:34:28","date_gmt":"2022-03-24T17:34:28","guid":{"rendered":"https:\/\/visittossa.com\/agenda_anual\/festa-major-destiu-de-st-pere\/"},"modified":"2026-01-09T14:24:58","modified_gmt":"2026-01-09T14:24:58","slug":"festa-major-destiu-de-st-pere","status":"publish","type":"agenda_anual","link":"https:\/\/visittossa.com\/fr\/agenda_anual\/festa-major-destiu-de-st-pere\/","title":{"rendered":"F\u00eate Patronale d&#8217;\u00e9t\u00e9 de St. Pere"},"content":{"rendered":"<p><strong>Dates: <\/strong>28\/06 &#8211; 02\/07\/26<\/p>\n<p>C\u00e9l\u00e9bration de la f\u00eate patronale d\u2019\u00e9t\u00e9 vou\u00e9e \u00e0 Saint-Pierre: sardanes, bals, concerts, spectacles pour enfants et feux d&#8217;artifice.<\/p>\n<p>&nbsp;<\/p>\n","protected":false},"featured_media":4413,"template":"","meta":{"_monsterinsights_skip_tracking":false,"_monsterinsights_sitenote_active":false,"_monsterinsights_sitenote_note":"","_monsterinsights_sitenote_category":0},"class_list":["post-8562","agenda_anual","type-agenda_anual","status-publish","has-post-thumbnail","hentry"],"_links":{"self":[{"href":"https:\/\/visittossa.com\/fr\/wp-json\/wp\/v2\/agenda_anual\/8562","targetHints":{"allow":["GET"]}}],"collection":[{"href":"https:\/\/visittossa.com\/fr\/wp-json\/wp\/v2\/agenda_anual"}],"about":[{"href":"https:\/\/visittossa.com\/fr\/wp-json\/wp\/v2\/types\/agenda_anual"}],"wp:featuredmedia":[{"embeddable":true,"href":"https:\/\/visittossa.com\/fr\/wp-json\/wp\/v2\/media\/4413"}],"wp:attachment":[{"href":"https:\/\/visittossa.com\/fr\/wp-json\/wp\/v2\/media?parent=8562"}],"curies":[{"name":"wp","href":"https:\/\/api.w.org\/{rel}","templated":true}]}}

Fête Patronale d&#8217;été de St. Pere

<p><strong>Dates: </strong>28/06 &#8211; 02/07/26</p>
<p>Célébration de la fête patronale d’été vouée à Saint-Pierre: sardanes, bals, concerts, spectacles pour enfants et feux d&#8217;artifice.</p>
<p>&nbsp;</p>
