{"id":5084,"date":"2022-03-23T23:59:53","date_gmt":"2022-03-23T23:59:53","guid":{"rendered":"https:\/\/visittossa.com\/agenda_anual\/campanya-gastronomica-la-cuina-del-cim-i-tomba\/"},"modified":"2026-01-09T14:38:48","modified_gmt":"2026-01-09T14:38:48","slug":"campanya-gastronomica-la-cuina-del-cim-i-tomba","status":"publish","type":"agenda_anual","link":"https:\/\/visittossa.com\/fr\/agenda_anual\/campanya-gastronomica-la-cuina-del-cim-i-tomba\/","title":{"rendered":"Campagne gastronomique: La Cuisine du Cim i Tomba"},"content":{"rendered":"<p><strong>Dates:<\/strong> 01\/09 &#8211; 04\/10\/26<\/p>\n<p>Durant tout le mois de septembre, plusieurs restaurants sp\u00e9cialis\u00e9s en cuisine traditionnelle de Tossa participeront \u00e0 la campagne gastronomique de la Cuisine du Cim i Tomba.<\/p>\n<p>Davantage d&#8217;informations<a href=\"https:\/\/visittossa.com\/wp-content\/uploads\/2025\/08\/Cuina-tradicional-CIM-I-TOMBA_-QUADRIPTICS.pdf\" target=\"_blank\" rel=\"noopener\"><strong> ici<\/strong><\/a><\/p>\n<p>&nbsp;<\/p>\n","protected":false},"featured_media":4258,"template":"","meta":{"_monsterinsights_skip_tracking":false,"_monsterinsights_sitenote_active":false,"_monsterinsights_sitenote_note":"","_monsterinsights_sitenote_category":0},"class_list":["post-5084","agenda_anual","type-agenda_anual","status-publish","has-post-thumbnail","hentry"],"_links":{"self":[{"href":"https:\/\/visittossa.com\/fr\/wp-json\/wp\/v2\/agenda_anual\/5084","targetHints":{"allow":["GET"]}}],"collection":[{"href":"https:\/\/visittossa.com\/fr\/wp-json\/wp\/v2\/agenda_anual"}],"about":[{"href":"https:\/\/visittossa.com\/fr\/wp-json\/wp\/v2\/types\/agenda_anual"}],"wp:featuredmedia":[{"embeddable":true,"href":"https:\/\/visittossa.com\/fr\/wp-json\/wp\/v2\/media\/4258"}],"wp:attachment":[{"href":"https:\/\/visittossa.com\/fr\/wp-json\/wp\/v2\/media?parent=5084"}],"curies":[{"name":"wp","href":"https:\/\/api.w.org\/{rel}","templated":true}]}}

<p><strong>Dates:</strong> 01/09 &#8211; 04/10/26</p>
<p>Durant tout le mois de septembre, plusieurs restaurants spécialisés en cuisine traditionnelle de Tossa participeront à la campagne gastronomique de la Cuisine du Cim i Tomba.</p>
<p>Davantage d&#8217;informations<a href="https://visittossa.com/wp-content/uploads/2025/08/Cuina-tradicional-CIM-I-TOMBA_-QUADRIPTICS.pdf" target="_blank" rel="noopener"><strong> ici</strong></a></p>
<p>&nbsp;</p>
