{"id":5079,"date":"2022-02-17T14:37:58","date_gmt":"2022-02-17T14:37:58","guid":{"rendered":"https:\/\/visittossa.com\/agenda_anual\/el-pelegri-de-tossa\/"},"modified":"2026-01-09T13:57:38","modified_gmt":"2026-01-09T13:57:38","slug":"el-pelegri-de-tossa","status":"publish","type":"agenda_anual","link":"https:\/\/visittossa.com\/fr\/agenda_anual\/el-pelegri-de-tossa\/","title":{"rendered":"Le P\u00e8lerin de Tossa"},"content":{"rendered":"<p><strong>Dates:<\/strong> 20 &#8211; 21\/01\/2026<\/p>\n<p>Le 20 janvier, p\u00e8lerinage de Tossa \u00e0 Santa Coloma de Farners et le 21 janvier, retour \u00e0 Tossa et procession dans les rues du village.<\/p>\n<p><a href=\"https:\/\/visittossa.com\/fr\/patrimoine-culturel\/fetes-traditions-et-legendes\/traditions-de-tossa\/\" target=\"_blank\" rel=\"noopener\">Plus de renseignements<\/a><\/p>\n<p>&nbsp;<\/p>\n","protected":false},"featured_media":4594,"template":"","meta":{"_monsterinsights_skip_tracking":false,"_monsterinsights_sitenote_active":false,"_monsterinsights_sitenote_note":"","_monsterinsights_sitenote_category":0},"class_list":["post-5079","agenda_anual","type-agenda_anual","status-publish","has-post-thumbnail","hentry"],"_links":{"self":[{"href":"https:\/\/visittossa.com\/fr\/wp-json\/wp\/v2\/agenda_anual\/5079","targetHints":{"allow":["GET"]}}],"collection":[{"href":"https:\/\/visittossa.com\/fr\/wp-json\/wp\/v2\/agenda_anual"}],"about":[{"href":"https:\/\/visittossa.com\/fr\/wp-json\/wp\/v2\/types\/agenda_anual"}],"wp:featuredmedia":[{"embeddable":true,"href":"https:\/\/visittossa.com\/fr\/wp-json\/wp\/v2\/media\/4594"}],"wp:attachment":[{"href":"https:\/\/visittossa.com\/fr\/wp-json\/wp\/v2\/media?parent=5079"}],"curies":[{"name":"wp","href":"https:\/\/api.w.org\/{rel}","templated":true}]}}

Le Pèlerin de Tossa

<p><strong>Dates:</strong> 20 &#8211; 21/01/2026</p>
<p>Le 20 janvier, pèlerinage de Tossa à Santa Coloma de Farners et le 21 janvier, retour à Tossa et procession dans les rues du village.</p>
<p><a href="https://visittossa.com/fr/patrimoine-culturel/fetes-traditions-et-legendes/traditions-de-tossa/" target="_blank" rel="noopener">Plus de renseignements</a></p>
<p>&nbsp;</p>
