{"id":5501,"date":"2021-10-21T10:22:24","date_gmt":"2021-10-21T10:22:24","guid":{"rendered":"https:\/\/visittossa.com\/rutes-i-natura\/camins-de-ronda\/"},"modified":"2025-02-06T13:14:43","modified_gmt":"2025-02-06T13:14:43","slug":"caminos-de-ronda","status":"publish","type":"page","link":"https:\/\/visittossa.com\/es\/rutas-y-naturaleza\/caminos-de-ronda\/","title":{"rendered":"Caminos de ronda"},"content":{"rendered":"<section class=\"l-section wpb_row height_large width_full tossaHd with_img\" id=\"hdMd\"><div class=\"l-section-img\" style=\"background-image: url(https:\/\/visittossa.com\/wp-content\/uploads\/2021\/11\/Camins-de-ronda-hd.jpg);background-repeat: no-repeat;\" data-img-width=\"1500\" data-img-height=\"370\"><\/div><div class=\"l-section-h i-cf\"><div class=\"g-cols vc_row type_default valign_middle\"><div class=\"vc_col-sm-12 wpb_column vc_column_container\"><div class=\"vc_column-inner\"><div class=\"wpb_wrapper\"><\/div><\/div><\/div><\/div><\/div><\/section><section class=\"l-section wpb_row height_large\" id=\"dblMd\"><div class=\"l-section-h i-cf\"><div class=\"g-cols vc_row type_default valign_top\"><div class=\"vc_col-sm-6 wpb_column vc_column_container imgCol\"><div class=\"vc_column-inner\"><div class=\"wpb_wrapper\"><div class=\"wpb_text_column tltMd\" ><div class=\"wpb_wrapper\"><h2>Camino de ronda norte &#8211; Cala Pola<\/h2>\n<\/div><\/div><div class=\"wpb_text_column us_custom_70facfb4 txtMd\" ><div class=\"wpb_wrapper\"><p><strong>Nivel de dificultad:<\/strong> Baja<br \/>\n<strong>Distancia del recorrido:<\/strong> 6,6 Km<br \/>\n<strong>Altura m\u00e1xima:<\/strong> 123 m.<br \/>\n<strong>Tiempo estimado:<\/strong> 2 h<br \/>\n<strong>Lugar de salida:<\/strong> Oficina de turismo \/ Parque de Sa Riera<\/p>\n<\/div><\/div><div class=\"w-image us_custom_70facfb4 align_none\"><div class=\"w-image-h\"><img loading=\"lazy\" decoding=\"async\" width=\"1148\" height=\"495\" src=\"https:\/\/visittossa.com\/wp-content\/uploads\/2021\/10\/Cala-Pola-ruta.png\" class=\"attachment-full size-full\" alt=\"\" srcset=\"https:\/\/visittossa.com\/wp-content\/uploads\/2021\/10\/Cala-Pola-ruta.png 1148w, https:\/\/visittossa.com\/wp-content\/uploads\/2021\/10\/Cala-Pola-ruta-300x129.png 300w, https:\/\/visittossa.com\/wp-content\/uploads\/2021\/10\/Cala-Pola-ruta-1024x442.png 1024w\" sizes=\"auto, (max-width: 1148px) 100vw, 1148px\" \/><\/div><\/div><div class=\"wpb_text_column txtMd\" ><div class=\"wpb_wrapper\"><p>Itinerario circular que permite apreciar la espectacularidad del paisaje costero del macizo de Ardenya Cadiretes. Las vertientes mar\u00edtimas de este macizo descienden de forma s\u00fabita hasta el mar, configurando una costa de grandes acantilados intercalados de peque\u00f1as calas, y un escenario natural de valores est\u00e9ticos y paisaj\u00edsticos excepcionales. Parte del recorrido se realiza por una pista en\u00a0 perfectas condiciones hasta llegar al tramo del camino de ronda. El camino de ronda es un sendero que transita por lugares expuestos a los acantilados, donde se deben extremar al m\u00e1ximo las precauciones.<\/p>\n<\/div><\/div><\/div><\/div><\/div><div class=\"vc_col-sm-6 wpb_column vc_column_container infoCol\"><div class=\"vc_column-inner\"><div class=\"wpb_wrapper\"><div class=\"w-image align_none\"><div class=\"w-image-h\"><img loading=\"lazy\" decoding=\"async\" width=\"2560\" height=\"1440\" src=\"https:\/\/visittossa.com\/wp-content\/uploads\/2022\/03\/Cami-de-ronda-nord-scaled.jpeg\" class=\"attachment-full size-full\" alt=\"\" srcset=\"https:\/\/visittossa.com\/wp-content\/uploads\/2022\/03\/Cami-de-ronda-nord-scaled.jpeg 2560w, https:\/\/visittossa.com\/wp-content\/uploads\/2022\/03\/Cami-de-ronda-nord-300x169.jpeg 300w, https:\/\/visittossa.com\/wp-content\/uploads\/2022\/03\/Cami-de-ronda-nord-1024x576.jpeg 1024w\" sizes=\"auto, (max-width: 2560px) 100vw, 2560px\" \/><\/div><\/div><\/div><\/div><\/div><\/div><\/div><\/section><section class=\"l-section wpb_row height_large\" id=\"dblMd\"><div class=\"l-section-h i-cf\"><div class=\"g-cols vc_row type_default valign_top\"><div class=\"vc_col-sm-6 wpb_column vc_column_container imgCol\"><div class=\"vc_column-inner\"><div class=\"wpb_wrapper\"><div class=\"wpb_text_column tltMd\" ><div class=\"wpb_wrapper\"><h2>Camino de ronda sur &#8211; Es Codolar<\/h2>\n<\/div><\/div><div class=\"wpb_text_column txtMd\" ><div class=\"wpb_wrapper\"><p><strong>Nivel de dificultad:<\/strong> Baja<br \/>\n<strong>Distancia del recorrido:<\/strong> 3 Km<br \/>\n<strong>Altura m\u00e1xima:<\/strong> 117 m.<br \/>\n<strong>Tiempo estimado:<\/strong> 1 h<br \/>\n<strong>Lugar de salida:<\/strong> Oficina de turismo<\/p>\n<\/div><\/div><div class=\"w-image us_custom_70facfb4 align_none\"><div class=\"w-image-h\"><img loading=\"lazy\" decoding=\"async\" width=\"1135\" height=\"545\" src=\"https:\/\/visittossa.com\/wp-content\/uploads\/2021\/10\/Es-Codolar-ruta.png\" class=\"attachment-full size-full\" alt=\"\" srcset=\"https:\/\/visittossa.com\/wp-content\/uploads\/2021\/10\/Es-Codolar-ruta.png 1135w, https:\/\/visittossa.com\/wp-content\/uploads\/2021\/10\/Es-Codolar-ruta-300x144.png 300w, https:\/\/visittossa.com\/wp-content\/uploads\/2021\/10\/Es-Codolar-ruta-1024x492.png 1024w\" sizes=\"auto, (max-width: 1135px) 100vw, 1135px\" \/><\/div><\/div><div class=\"wpb_text_column txtMd\" ><div class=\"wpb_wrapper\"><p>Itinerario circular que va a buscar la vertiente mar\u00edtima del macizo de Ardenya Cadiretes y nos lleva hasta la cala de Es Codolar, situada a los pies del imponente recinto amurallado de la Vila Vella de Tossa de Mar. El recorrido transcurre por un tramo del camino de ronda desde el que se puede disfrutar de uno de los paisajes m\u00e1s espectaculares y emblem\u00e1ticos de la Costa Brava. El camino de ronda es un sendero que transita por lugares expuestos a los acantilados, donde se deben extremar al m\u00e1ximo las precauciones.<\/p>\n<\/div><\/div><div class=\"w-separator size_small\"><\/div><div class=\"w-btn-wrapper width_auto align_left\"><a class=\"w-btn us-btn-style_1\" title=\"Itinerarios y rutas\" target=\"_blank\" href=\"https:\/\/visittossa.com\/wp-content\/uploads\/2022\/04\/rutas_senderismo.pdf\" rel=\"noopener\"><span class=\"w-btn-label\">ITINERARIOS Y RUTAS<\/span><\/a><\/div><\/div><\/div><\/div><div class=\"vc_col-sm-6 wpb_column vc_column_container infoCol\"><div class=\"vc_column-inner\"><div class=\"wpb_wrapper\"><div class=\"w-image align_none\"><div class=\"w-image-h\"><img loading=\"lazy\" decoding=\"async\" width=\"611\" height=\"407\" src=\"https:\/\/visittossa.com\/wp-content\/uploads\/2021\/01\/Cami-ronda-sud.jpg\" class=\"attachment-full size-full\" alt=\"\" srcset=\"https:\/\/visittossa.com\/wp-content\/uploads\/2021\/01\/Cami-ronda-sud.jpg 611w, https:\/\/visittossa.com\/wp-content\/uploads\/2021\/01\/Cami-ronda-sud-300x200.jpg 300w\" sizes=\"auto, (max-width: 611px) 100vw, 611px\" \/><\/div><\/div><\/div><\/div><\/div><\/div><\/div><\/section><section class=\"l-section wpb_row height_medium\" id=\"experienciasMd\"><div class=\"l-section-h i-cf\"><div class=\"g-cols vc_row type_default valign_top\"><div class=\"vc_col-sm-12 wpb_column vc_column_container\"><div class=\"vc_column-inner\"><div class=\"wpb_wrapper\"><div class=\"g-cols wpb_row  type_default valign_top vc_inner\"><div class=\"vc_col-sm-3 wpb_column vc_column_container\"><div class=\"vc_column-inner\"><div class=\"wpb_wrapper\">\n<div id=\"interactive-banner-1-wrap-7555\" class=\"ult-banner-block ult-adjust-bottom-margin ult-bb-box  banner-style01 \"   style=\"\">\n\t<img decoding=\"async\" src=\"https:\/\/visittossa.com\/wp-content\/uploads\/2021\/10\/BiosphereThumb.jpg\" alt=\"null\">\n\t<h3  data-ultimate-target='#interactive-banner-1-wrap-7555 .bb-top-title '  data-responsive-json-new='{\"font-size\":\"\",\"line-height\":\"\"}'  class=\"title-center bb-top-title ult-responsive\" style=\"font-weight:normal;background:#242424;color:#ffffff;\">Biosphere<\/h3>\n\t<div class=\"mask opaque-background\" style=\"background:rgba(35,35,35,0.41);\">\n\t\t<div  data-ultimate-target='#interactive-banner-1-wrap-7555 .bb-description'  data-responsive-json-new='{\"font-size\":\"\",\"line-height\":\"\"}'  class=\"bb-description ult-responsive\" style=\"font-weight:normal;color:#ffffff;\"><\/div>\n\t<\/div><a class=\"bb-link\" href=\"https:\/\/visittossa.com\/es\/rutas-y-naturaleza\/biosphere\/\" title=\"Biosphere\" ><\/a>\n<\/div><\/div><\/div><\/div><div class=\"vc_col-sm-3 wpb_column vc_column_container\"><div class=\"vc_column-inner\"><div class=\"wpb_wrapper\">\n<div id=\"interactive-banner-1-wrap-2761\" class=\"ult-banner-block ult-adjust-bottom-margin ult-bb-box  banner-style01 \"   style=\"\">\n\t<img decoding=\"async\" src=\"https:\/\/visittossa.com\/wp-content\/uploads\/2021\/10\/Muntanya-thumb.jpg\" alt=\"null\">\n\t<h3  data-ultimate-target='#interactive-banner-1-wrap-2761 .bb-top-title '  data-responsive-json-new='{\"font-size\":\"\",\"line-height\":\"\"}'  class=\"title-center bb-top-title ult-responsive\" style=\"font-weight:normal;background:#242424;color:#ffffff;\">Descubre la monta\u00f1a<\/h3>\n\t<div class=\"mask opaque-background\" style=\"background:rgba(35,35,35,0.41);\">\n\t\t<div  data-ultimate-target='#interactive-banner-1-wrap-2761 .bb-description'  data-responsive-json-new='{\"font-size\":\"\",\"line-height\":\"\"}'  class=\"bb-description ult-responsive\" style=\"font-weight:normal;color:#ffffff;\"><\/div>\n\t<\/div><a class=\"bb-link\" href=\"https:\/\/visittossa.com\/es\/rutas-y-naturaleza\/descubre-la-montana\/\" title=\"Descubre la monta\u00f1a\" ><\/a>\n<\/div><\/div><\/div><\/div><div class=\"vc_col-sm-3 wpb_column vc_column_container active\"><div class=\"vc_column-inner\"><div class=\"wpb_wrapper\">\n<div id=\"interactive-banner-1-wrap-2169\" class=\"ult-banner-block ult-adjust-bottom-margin ult-bb-box  banner-style01 \"   style=\"\">\n\t<img decoding=\"async\" src=\"https:\/\/visittossa.com\/wp-content\/uploads\/2021\/10\/Camins-de-Ronda-thumb.jpg\" alt=\"null\">\n\t<h3  data-ultimate-target='#interactive-banner-1-wrap-2169 .bb-top-title '  data-responsive-json-new='{\"font-size\":\"\",\"line-height\":\"\"}'  class=\"title-center bb-top-title ult-responsive\" style=\"font-weight:normal;background:#242424;color:#ffffff;\">Caminos de ronda<\/h3>\n\t<div class=\"mask opaque-background\" style=\"background:rgba(35,35,35,0.41);\">\n\t\t<div  data-ultimate-target='#interactive-banner-1-wrap-2169 .bb-description'  data-responsive-json-new='{\"font-size\":\"\",\"line-height\":\"\"}'  class=\"bb-description ult-responsive\" style=\"font-weight:normal;color:#ffffff;\"><\/div>\n\t<\/div><a class=\"bb-link\" href=\"https:\/\/visittossa.com\/es\/rutas-y-naturaleza\/caminos-de-ronda\/\" title=\"Caminos de ronda\" ><\/a>\n<\/div><\/div><\/div><\/div><div class=\"vc_col-sm-3 wpb_column vc_column_container\"><div class=\"vc_column-inner\"><div class=\"wpb_wrapper\">\n<div id=\"interactive-banner-1-wrap-3714\" class=\"ult-banner-block ult-adjust-bottom-margin ult-bb-box  banner-style01 \"   style=\"\">\n\t<img decoding=\"async\" src=\"https:\/\/visittossa.com\/wp-content\/uploads\/2021\/10\/parcs-thumb.jpg\" alt=\"null\">\n\t<h3  data-ultimate-target='#interactive-banner-1-wrap-3714 .bb-top-title '  data-responsive-json-new='{\"font-size\":\"\",\"line-height\":\"\"}'  class=\"title-center bb-top-title ult-responsive\" style=\"font-weight:normal;background:#242424;color:#ffffff;\">Parques<\/h3>\n\t<div class=\"mask opaque-background\" style=\"background:rgba(35,35,35,0.41);\">\n\t\t<div  data-ultimate-target='#interactive-banner-1-wrap-3714 .bb-description'  data-responsive-json-new='{\"font-size\":\"\",\"line-height\":\"\"}'  class=\"bb-description ult-responsive\" style=\"font-weight:normal;color:#ffffff;\"><\/div>\n\t<\/div><a class=\"bb-link\" href=\"https:\/\/visittossa.com\/es\/rutas-y-naturaleza\/parques\/\" title=\"Parques\" ><\/a>\n<\/div><\/div><\/div><\/div><\/div><\/div><\/div><\/div><\/div><\/div><\/section>\n","protected":false},"excerpt":{"rendered":"Camino de ronda norte &#8211; Cala Pola Nivel de dificultad: Baja Distancia del recorrido: 6,6 Km Altura m\u00e1xima: 123 m. Tiempo estimado: 2 h Lugar de salida: Oficina de turismo \/ Parque de Sa Riera Itinerario circular que permite apreciar la espectacularidad del paisaje costero del macizo de Ardenya Cadiretes. Las vertientes mar\u00edtimas de este...","protected":false},"author":1,"featured_media":0,"parent":5489,"menu_order":0,"comment_status":"closed","ping_status":"closed","template":"","meta":{"_monsterinsights_skip_tracking":false,"_monsterinsights_sitenote_active":false,"_monsterinsights_sitenote_note":"","_monsterinsights_sitenote_category":0,"footnotes":""},"class_list":["post-5501","page","type-page","status-publish","hentry"],"_links":{"self":[{"href":"https:\/\/visittossa.com\/es\/wp-json\/wp\/v2\/pages\/5501","targetHints":{"allow":["GET"]}}],"collection":[{"href":"https:\/\/visittossa.com\/es\/wp-json\/wp\/v2\/pages"}],"about":[{"href":"https:\/\/visittossa.com\/es\/wp-json\/wp\/v2\/types\/page"}],"author":[{"embeddable":true,"href":"https:\/\/visittossa.com\/es\/wp-json\/wp\/v2\/users\/1"}],"replies":[{"embeddable":true,"href":"https:\/\/visittossa.com\/es\/wp-json\/wp\/v2\/comments?post=5501"}],"version-history":[{"count":12,"href":"https:\/\/visittossa.com\/es\/wp-json\/wp\/v2\/pages\/5501\/revisions"}],"predecessor-version":[{"id":16068,"href":"https:\/\/visittossa.com\/es\/wp-json\/wp\/v2\/pages\/5501\/revisions\/16068"}],"up":[{"embeddable":true,"href":"https:\/\/visittossa.com\/es\/wp-json\/wp\/v2\/pages\/5489"}],"wp:attachment":[{"href":"https:\/\/visittossa.com\/es\/wp-json\/wp\/v2\/media?parent=5501"}],"curies":[{"name":"wp","href":"https:\/\/api.w.org\/{rel}","templated":true}]}}

<section class="l-section wpb_row height_large width_full tossaHd with_img" id="hdMd"><div class="l-section-img" style="background-image: url(https://visittossa.com/wp-content/uploads/2021/11/Camins-de-ronda-hd.jpg);background-repeat: no-repeat;" data-img-width="1500" data-img-height="370"></div><div class="l-section-h i-cf"><div class="g-cols vc_row type_default valign_middle"><div class="vc_col-sm-12 wpb_column vc_column_container"><div class="vc_column-inner"><div class="wpb_wrapper"></div></div></div></div></div></section><section class="l-section wpb_row height_large" id="dblMd"><div class="l-section-h i-cf"><div class="g-cols vc_row type_default valign_top"><div class="vc_col-sm-6 wpb_column vc_column_container imgCol"><div class="vc_column-inner"><div class="wpb_wrapper"><div class="wpb_text_column tltMd" ><div class="wpb_wrapper"><h2>Camino de ronda norte &#8211; Cala Pola</h2>
</div></div><div class="wpb_text_column us_custom_70facfb4 txtMd" ><div class="wpb_wrapper"><p><strong>Nivel de dificultad:</strong> Baja<br />
<strong>Distancia del recorrido:</strong> 6,6 Km<br />
<strong>Altura máxima:</strong> 123 m.<br />
<strong>Tiempo estimado:</strong> 2 h<br />
<strong>Lugar de salida:</strong> Oficina de turismo / Parque de Sa Riera</p>
</div></div><div class="w-image us_custom_70facfb4 align_none"><div class="w-image-h"><img loading="lazy" decoding="async" width="1148" height="495" src="https://visittossa.com/wp-content/uploads/2021/10/Cala-Pola-ruta.png" class="attachment-full size-full" alt="" srcset="https://visittossa.com/wp-content/uploads/2021/10/Cala-Pola-ruta.png 1148w, https://visittossa.com/wp-content/uploads/2021/10/Cala-Pola-ruta-300x129.png 300w, https://visittossa.com/wp-content/uploads/2021/10/Cala-Pola-ruta-1024x442.png 1024w" sizes="auto, (max-width: 1148px) 100vw, 1148px" /></div></div><div class="wpb_text_column txtMd" ><div class="wpb_wrapper"><p>Itinerario circular que permite apreciar la espectacularidad del paisaje costero del macizo de Ardenya Cadiretes. Las vertientes marítimas de este macizo descienden de forma súbita hasta el mar, configurando una costa de grandes acantilados intercalados de pequeñas calas, y un escenario natural de valores estéticos y paisajísticos excepcionales. Parte del recorrido se realiza por una pista en  perfectas condiciones hasta llegar al tramo del camino de ronda. El camino de ronda es un sendero que transita por lugares expuestos a los acantilados, donde se deben extremar al máximo las precauciones.</p>
</div></div></div></div></div><div class="vc_col-sm-6 wpb_column vc_column_container infoCol"><div class="vc_column-inner"><div class="wpb_wrapper"><div class="w-image align_none"><div class="w-image-h"><img loading="lazy" decoding="async" width="2560" height="1440" src="https://visittossa.com/wp-content/uploads/2022/03/Cami-de-ronda-nord-scaled.jpeg" class="attachment-full size-full" alt="" srcset="https://visittossa.com/wp-content/uploads/2022/03/Cami-de-ronda-nord-scaled.jpeg 2560w, https://visittossa.com/wp-content/uploads/2022/03/Cami-de-ronda-nord-300x169.jpeg 300w, https://visittossa.com/wp-content/uploads/2022/03/Cami-de-ronda-nord-1024x576.jpeg 1024w" sizes="auto, (max-width: 2560px) 100vw, 2560px" /></div></div></div></div></div></div></div></section><section class="l-section wpb_row height_large" id="dblMd"><div class="l-section-h i-cf"><div class="g-cols vc_row type_default valign_top"><div class="vc_col-sm-6 wpb_column vc_column_container imgCol"><div class="vc_column-inner"><div class="wpb_wrapper"><div class="wpb_text_column tltMd" ><div class="wpb_wrapper"><h2>Camino de ronda sur &#8211; Es Codolar</h2>
</div></div><div class="wpb_text_column txtMd" ><div class="wpb_wrapper"><p><strong>Nivel de dificultad:</strong> Baja<br />
<strong>Distancia del recorrido:</strong> 3 Km<br />
<strong>Altura máxima:</strong> 117 m.<br />
<strong>Tiempo estimado:</strong> 1 h<br />
<strong>Lugar de salida:</strong> Oficina de turismo</p>
</div></div><div class="w-image us_custom_70facfb4 align_none"><div class="w-image-h"><img loading="lazy" decoding="async" width="1135" height="545" src="https://visittossa.com/wp-content/uploads/2021/10/Es-Codolar-ruta.png" class="attachment-full size-full" alt="" srcset="https://visittossa.com/wp-content/uploads/2021/10/Es-Codolar-ruta.png 1135w, https://visittossa.com/wp-content/uploads/2021/10/Es-Codolar-ruta-300x144.png 300w, https://visittossa.com/wp-content/uploads/2021/10/Es-Codolar-ruta-1024x492.png 1024w" sizes="auto, (max-width: 1135px) 100vw, 1135px" /></div></div><div class="wpb_text_column txtMd" ><div class="wpb_wrapper"><p>Itinerario circular que va a buscar la vertiente marítima del macizo de Ardenya Cadiretes y nos lleva hasta la cala de Es Codolar, situada a los pies del imponente recinto amurallado de la Vila Vella de Tossa de Mar. El recorrido transcurre por un tramo del camino de ronda desde el que se puede disfrutar de uno de los paisajes más espectaculares y emblemáticos de la Costa Brava. El camino de ronda es un sendero que transita por lugares expuestos a los acantilados, donde se deben extremar al máximo las precauciones.</p>
</div></div><div class="w-separator size_small"></div><div class="w-btn-wrapper width_auto align_left"><a class="w-btn us-btn-style_1" title="Itinerarios y rutas" target="_blank" href="https://visittossa.com/wp-content/uploads/2022/04/rutas_senderismo.pdf" rel="noopener"><span class="w-btn-label">ITINERARIOS Y RUTAS</span></a></div></div></div></div><div class="vc_col-sm-6 wpb_column vc_column_container infoCol"><div class="vc_column-inner"><div class="wpb_wrapper"><div class="w-image align_none"><div class="w-image-h"><img loading="lazy" decoding="async" width="611" height="407" src="https://visittossa.com/wp-content/uploads/2021/01/Cami-ronda-sud.jpg" class="attachment-full size-full" alt="" srcset="https://visittossa.com/wp-content/uploads/2021/01/Cami-ronda-sud.jpg 611w, https://visittossa.com/wp-content/uploads/2021/01/Cami-ronda-sud-300x200.jpg 300w" sizes="auto, (max-width: 611px) 100vw, 611px" /></div></div></div></div></div></div></div></section><section class="l-section wpb_row height_medium" id="experienciasMd"><div class="l-section-h i-cf"><div class="g-cols vc_row type_default valign_top"><div class="vc_col-sm-12 wpb_column vc_column_container"><div class="vc_column-inner"><div class="wpb_wrapper"><div class="g-cols wpb_row  type_default valign_top vc_inner"><div class="vc_col-sm-3 wpb_column vc_column_container"><div class="vc_column-inner"><div class="wpb_wrapper">
<div id="interactive-banner-1-wrap-7555" class="ult-banner-block ult-adjust-bottom-margin ult-bb-box  banner-style01 "   style="">
	<img decoding="async" src="https://visittossa.com/wp-content/uploads/2021/10/BiosphereThumb.jpg" alt="null">
	<h3  data-ultimate-target='#interactive-banner-1-wrap-7555 .bb-top-title '  data-responsive-json-new='{"font-size":"","line-height":""}'  class="title-center bb-top-title ult-responsive" style="font-weight:normal;background:#242424;color:#ffffff;">Biosphere</h3>
	<div class="mask opaque-background" style="background:rgba(35,35,35,0.41);">
		<div  data-ultimate-target='#interactive-banner-1-wrap-7555 .bb-description'  data-responsive-json-new='{"font-size":"","line-height":""}'  class="bb-description ult-responsive" style="font-weight:normal;color:#ffffff;"></div>
	</div><a class="bb-link" href="https://visittossa.com/es/rutas-y-naturaleza/biosphere/" title="Biosphere" ></a>
</div></div></div></div><div class="vc_col-sm-3 wpb_column vc_column_container"><div class="vc_column-inner"><div class="wpb_wrapper">
<div id="interactive-banner-1-wrap-2761" class="ult-banner-block ult-adjust-bottom-margin ult-bb-box  banner-style01 "   style="">
	<img decoding="async" src="https://visittossa.com/wp-content/uploads/2021/10/Muntanya-thumb.jpg" alt="null">
	<h3  data-ultimate-target='#interactive-banner-1-wrap-2761 .bb-top-title '  data-responsive-json-new='{"font-size":"","line-height":""}'  class="title-center bb-top-title ult-responsive" style="font-weight:normal;background:#242424;color:#ffffff;">Descubre la montaña</h3>
	<div class="mask opaque-background" style="background:rgba(35,35,35,0.41);">
		<div  data-ultimate-target='#interactive-banner-1-wrap-2761 .bb-description'  data-responsive-json-new='{"font-size":"","line-height":""}'  class="bb-description ult-responsive" style="font-weight:normal;color:#ffffff;"></div>
	</div><a class="bb-link" href="https://visittossa.com/es/rutas-y-naturaleza/descubre-la-montana/" title="Descubre la montaña" ></a>
</div></div></div></div><div class="vc_col-sm-3 wpb_column vc_column_container active"><div class="vc_column-inner"><div class="wpb_wrapper">
<div id="interactive-banner-1-wrap-2169" class="ult-banner-block ult-adjust-bottom-margin ult-bb-box  banner-style01 "   style="">
	<img decoding="async" src="https://visittossa.com/wp-content/uploads/2021/10/Camins-de-Ronda-thumb.jpg" alt="null">
	<h3  data-ultimate-target='#interactive-banner-1-wrap-2169 .bb-top-title '  data-responsive-json-new='{"font-size":"","line-height":""}'  class="title-center bb-top-title ult-responsive" style="font-weight:normal;background:#242424;color:#ffffff;">Caminos de ronda</h3>
	<div class="mask opaque-background" style="background:rgba(35,35,35,0.41);">
		<div  data-ultimate-target='#interactive-banner-1-wrap-2169 .bb-description'  data-responsive-json-new='{"font-size":"","line-height":""}'  class="bb-description ult-responsive" style="font-weight:normal;color:#ffffff;"></div>
	</div><a class="bb-link" href="https://visittossa.com/es/rutas-y-naturaleza/caminos-de-ronda/" title="Caminos de ronda" ></a>
</div></div></div></div><div class="vc_col-sm-3 wpb_column vc_column_container"><div class="vc_column-inner"><div class="wpb_wrapper">
<div id="interactive-banner-1-wrap-3714" class="ult-banner-block ult-adjust-bottom-margin ult-bb-box  banner-style01 "   style="">
	<img decoding="async" src="https://visittossa.com/wp-content/uploads/2021/10/parcs-thumb.jpg" alt="null">
	<h3  data-ultimate-target='#interactive-banner-1-wrap-3714 .bb-top-title '  data-responsive-json-new='{"font-size":"","line-height":""}'  class="title-center bb-top-title ult-responsive" style="font-weight:normal;background:#242424;color:#ffffff;">Parques</h3>
	<div class="mask opaque-background" style="background:rgba(35,35,35,0.41);">
		<div  data-ultimate-target='#interactive-banner-1-wrap-3714 .bb-description'  data-responsive-json-new='{"font-size":"","line-height":""}'  class="bb-description ult-responsive" style="font-weight:normal;color:#ffffff;"></div>
	</div><a class="bb-link" href="https://visittossa.com/es/rutas-y-naturaleza/parques/" title="Parques" ></a>
</div></div></div></div></div></div></div></div></div></div></section>

Camino de ronda norte &#8211; Cala Pola Nivel de dificultad: Baja Distancia del recorrido: 6,6 Km Altura máxima: 123 m. Tiempo estimado: 2 h Lugar de salida: Oficina de turismo / Parque de Sa Riera Itinerario circular que permite apreciar la espectacularidad del paisaje costero del macizo de Ardenya Cadiretes. Las vertientes marítimas de este...
