{"id":5483,"date":"2021-12-10T09:51:30","date_gmt":"2021-12-10T09:51:30","guid":{"rendered":"https:\/\/visittossa.com\/proteccio-de-dades\/"},"modified":"2022-05-25T06:43:47","modified_gmt":"2022-05-25T06:43:47","slug":"proteccion-de-datos","status":"publish","type":"page","link":"https:\/\/visittossa.com\/es\/proteccion-de-datos\/","title":{"rendered":"Protecci\u00f3n de datos"},"content":{"rendered":"<section class=\"l-section wpb_row height_medium\"><div class=\"l-section-h i-cf\"><div class=\"g-cols vc_row type_default valign_top\"><div class=\"vc_col-sm-12 wpb_column vc_column_container\"><div class=\"vc_column-inner\"><div class=\"wpb_wrapper\"><div class=\"wpb_text_column\" ><div class=\"wpb_wrapper\"><h2>Protecci\u00f3n de datos<\/h2>\n<\/div><\/div><div class=\"wpb_text_column\" ><div class=\"wpb_wrapper\"><p>Esta es la pol\u00edtica de protecci\u00f3n de datos del Ayuntamiento de Tossa de Mar. Hace referencia a los datos de personas f\u00edsicas con las que se relaciona en el ejercicio de sus competencias y funciones. Dadas las funciones del Ayuntamiento de Tossa de Mar algunos tratamientos son el resultado de la prestaci\u00f3n de servicios a otras administraciones p\u00fablicas que le han delegado funciones. El tratamiento se efect\u00faa cumpliendo el Reglamento General de Protecci\u00f3n de Datos (Reglamento (UE) 2016\/679 del Parlamento Europeo y del Consejo, de 27 de abril de 2016) y la normativa estatal sobre esta materia.<\/p>\n<p><strong>\u00bfQui\u00e9n es el responsable del tratamiento de los datos personales?<\/strong><\/p>\n<p>El responsable del tratamiento de los datos personales es el Ayuntamiento de Tossa de Mar (en adelante, el Ayuntamiento), con CIF P1721500E y domicilio en la Avenida del Pelegr\u00ed, 25 de Tossa de Mar (CP 17320), tel. +34 972 34 01 00, ajuntament@tossademar.org,\u00a0<span class=\"marker\"><a href=\"http:\/\/www.tossademar.cat\/\">www.tossademar.cat<\/a><\/span>.<\/p>\n<p><strong>\u00bfCon qu\u00e9 criterios tratamos los datos personales?<\/strong><\/p>\n<p>En el tratamiento de los datos asumimos plenamente los principios del Reglamento General de Protecci\u00f3n de Datos.<\/p>\n<p>a) Los tratamos de manera l\u00edcita (\u00fanicamente cuando tenemos una base legal que nos lo permite) y con transparencia ante el interesado.<\/p>\n<p>b) Los destinamos a los fines determinados, expl\u00edcitos y leg\u00edtimos que explicamos en el momento de obtenerlas. Posteriormente, no los tratamos de manera incompatible con dichos fines.<\/p>\n<p>c) Tratamos \u00fanicamente los datos adecuados, pertinentes y limitados a lo que es necesario en cada caso y para cada finalidad.<\/p>\n<p>d) Nos esforzamos para que los datos est\u00e9n actualizados.<\/p>\n<p>e) Los conservamos durante el tiempo necesario, cumpliendo la normativa que regula la conservaci\u00f3n de la informaci\u00f3n p\u00fablica.<\/p>\n<p>f) Aplicamos las medidas t\u00e9cnicas u organizativas adecuadas para evitar el tratamiento no autorizado o il\u00edcito, o su p\u00e9rdida, destrucci\u00f3n o da\u00f1o accidental.<\/p>\n<p><strong>\u00bfQui\u00e9n es el Delegado de Protecci\u00f3n de Datos?<\/strong><\/p>\n<p>El Delegado de Protecci\u00f3n de Datos (DPD) es la persona que supervisa el cumplimiento de la pol\u00edtica de protecci\u00f3n de datos del Ayuntamiento, velando para que se traten adecuadamente los datos personales y se protejan los derechos de las personas. Entre sus funciones figura la de atender cualquier duda, sugerencia, queja o reclamaci\u00f3n de las personas de quienes se tratan datos. Se puede contactar con el delegado de Protecci\u00f3n de Datos dirigi\u00e9ndose por escrito a Avd. del Pelegr\u00ed, 25 de Tossa de Mar (CP 17320), tel. +34 972 340 100 o en la direcci\u00f3n electr\u00f3nica dpd@tossademar.org.<\/p>\n<p><strong>\u00bfCon qu\u00e9 fin y legitimaci\u00f3n tratamos sus datos y a qui\u00e9n se los comunicamos?<\/strong><\/p>\n<p><u>Contacto<\/u>. Atendemos las consultas de las personas que contactan con nosotros por medio del correo electr\u00f3nico, formularios de contacto de nuestra web o telef\u00f3nicamente. Tratamos estos datos con el consentimiento de la persona que se nos ha dirigido. Los datos no se comunican a otras personas.<\/p>\n<p><u>Informaci\u00f3n de actividades y servicios<\/u>. Con la autorizaci\u00f3n de los usuarios sus datos de contacto se utilizan para enviar publicidad relacionada con nuestros servicios o actividades. Tratamos estos datos en base al consentimiento de la persona que recibe las comunicaciones. Los datos no se comunican a otras personas.<\/p>\n<p><u>Videovigilancia<\/u>. En el acceso a nuestras instalaciones se informa de la existencia de c\u00e1maras de videovigilancia mediante los r\u00f3tulos homologados. Las im\u00e1genes que obtenemos con las c\u00e1maras de videovigilancia se tratan para preservar el inter\u00e9s p\u00fablico. En casos justificados comunicamos los datos a los cuerpos y fuerzas de seguridad o los \u00f3rganos judiciales competentes.<\/p>\n<p><strong>\u00bfCu\u00e1nto tiempo conservamos los datos?<\/strong><\/p>\n<p>Cumplimos la obligaci\u00f3n legal de limitar al m\u00e1ximo el plazo de conservaci\u00f3n de los datos. Por este motivo se conservan s\u00f3lo el tiempo necesario y justificado por la fin que motiv\u00f3 la obtenci\u00f3n. Las im\u00e1genes obtenidas por las c\u00e1maras de videovigilancia se conservan como m\u00e1ximo durante un mes, si bien, en el caso de incidentes que lo justifiquen, se conservar\u00e1n el tiempo necesario para facilitar las actuaciones de los cuerpos y fuerzas de seguridad o de los \u00f3rganos judiciales.<\/p>\n<p><strong>\u00bfQu\u00e9 derechos tienen las personas en relaci\u00f3n a los datos que tratamos?<\/strong><\/p>\n<p>Tal como prev\u00e9 el Reglamento General de Protecci\u00f3n de Datos, las personas de quienes tratamos datos tienen los siguientes derechos:<\/p>\n<p><u>A saber si se tratan<\/u>. Cualquier persona tiene, en primer lugar, derecho a saber si tratamos sus datos, con independencia de si ha existido una relaci\u00f3n previa.<\/p>\n<p><u>A ser informado en la recogida<\/u>. Cuando los datos personales se obtienen del propio interesado, en el momento de proporcionarlos debe tener informaci\u00f3n clara de los fines a los que se destinar\u00e1n, de qui\u00e9n ser\u00e1 el responsable del tratamiento y de los principales aspectos derivados de este tratamiento.<\/p>\n<p><u>A acceder<\/u>. Derecho muy amplio que incluye el de saber con precisi\u00f3n qu\u00e9 datos personales son objeto de tratamiento, cu\u00e1l es el fin para el que se tratan, las comunicaciones a otras personas que se har\u00e1n (en su caso) o el derecho a obtener copia o a saber el plazo previsto de conservaci\u00f3n.<\/p>\n<p><u>A pedir su rectificaci\u00f3n<\/u>. Es el derecho a hacer rectificar los datos inexactos que sean objeto de tratamiento por parte nuestra.<\/p>\n<p><u>A pedir su supresi\u00f3n<\/u>. En determinadas circunstancias existe el derecho a pedir la supresi\u00f3n de los datos cuando, entre otros motivos, ya no sean necesarios para los fines para los que fueron recogidos y justificaron el tratamiento.<\/p>\n<p><u>A pedir la limitaci\u00f3n del tratamiento<\/u>. Tambi\u00e9n en determinadas circunstancias se reconoce el derecho a pedir la limitaci\u00f3n del tratamiento de los datos. En este caso, dejar\u00e1n de ser tratadas y s\u00f3lo se conservar\u00e1n para el ejercicio o la defensa de reclamaciones, de acuerdo con el Reglamento General de Protecci\u00f3n de Datos.<\/p>\n<p><u>A la portabilidad<\/u>. En los casos previstos en la normativa se reconoce el derecho a obtener los datos personales propios en un formato estructurado de uso com\u00fan legible por m\u00e1quina, y a transmitirlos a otro responsable del tratamiento si as\u00ed lo decide la persona interesada.<\/p>\n<p><u>A oponerse al tratamiento<\/u>. Una persona puede aducir motivos relacionados con su situaci\u00f3n particular, motivos que comportar\u00e1n que dejen de tratarse sus datos en el grado o medida que pueda suponer un perjuicio, excepto por motivos leg\u00edtimos o el ejercicio o defensa ante reclamaciones.<\/p>\n<p><u>A no recibir informaci\u00f3n<\/u>. Atendemos inmediatamente las peticiones de no seguir recibiendo informaci\u00f3n de nuestras actividades y servicios, cuando estos env\u00edos se fundamentaban \u00fanicamente en el consentimiento de la persona que es receptora.<\/p>\n<p><strong>\u00bfComo se pueden ejercer o defender los derechos?<\/strong><\/p>\n<p>Los derechos que acabamos de enumerar se pueden ejercer dirigiendo una solicitud al Ayuntamiento de Tossa o a la direcci\u00f3n postal o a los otros datos de contacto indicados en el encabezamiento.<\/p>\n<p>Si no se ha obtenido respuesta satisfactoria en el ejercicio de los derechos es posible presentar una reclamaci\u00f3n ante la Autoridad Catalana de Protecci\u00f3n de Datos, por medio de los formularios u otros canales accesibles desde su web (<span class=\"marker\"><a href=\"http:\/\/apdcat.gencat.cat\/ca\/inici\">http:\/\/apdcat.gencat.cat\/ca\/inici<\/a><\/span>).<\/p>\n<p>En todos los casos, ya sea para presentar reclamaciones, pedir aclaraciones o hacer llegar sugerencias, es posible dirigirse al Delegado de Protecci\u00f3n de Datos mediante mensaje de correo electr\u00f3nico a la direcci\u00f3n\u00a0<a href=\"mailto:dpd@tossademar.org\">dpd@tossademar.org<\/a>.<\/p>\n<\/div><\/div><\/div><\/div><\/div><\/div><\/div><\/section>\n","protected":false},"excerpt":{"rendered":"Protecci\u00f3n de datos Esta es la pol\u00edtica de protecci\u00f3n de datos del Ayuntamiento de Tossa de Mar. Hace referencia a los datos de personas f\u00edsicas con las que se relaciona en el ejercicio de sus competencias y funciones. Dadas las funciones del Ayuntamiento de Tossa de Mar algunos tratamientos son el resultado de la prestaci\u00f3n...","protected":false},"author":1,"featured_media":0,"parent":0,"menu_order":0,"comment_status":"closed","ping_status":"closed","template":"","meta":{"_monsterinsights_skip_tracking":false,"_monsterinsights_sitenote_active":false,"_monsterinsights_sitenote_note":"","_monsterinsights_sitenote_category":0,"footnotes":""},"class_list":["post-5483","page","type-page","status-publish","hentry"],"_links":{"self":[{"href":"https:\/\/visittossa.com\/es\/wp-json\/wp\/v2\/pages\/5483","targetHints":{"allow":["GET"]}}],"collection":[{"href":"https:\/\/visittossa.com\/es\/wp-json\/wp\/v2\/pages"}],"about":[{"href":"https:\/\/visittossa.com\/es\/wp-json\/wp\/v2\/types\/page"}],"author":[{"embeddable":true,"href":"https:\/\/visittossa.com\/es\/wp-json\/wp\/v2\/users\/1"}],"replies":[{"embeddable":true,"href":"https:\/\/visittossa.com\/es\/wp-json\/wp\/v2\/comments?post=5483"}],"version-history":[{"count":3,"href":"https:\/\/visittossa.com\/es\/wp-json\/wp\/v2\/pages\/5483\/revisions"}],"predecessor-version":[{"id":9217,"href":"https:\/\/visittossa.com\/es\/wp-json\/wp\/v2\/pages\/5483\/revisions\/9217"}],"wp:attachment":[{"href":"https:\/\/visittossa.com\/es\/wp-json\/wp\/v2\/media?parent=5483"}],"curies":[{"name":"wp","href":"https:\/\/api.w.org\/{rel}","templated":true}]}}

Protección de datos

<section class="l-section wpb_row height_medium"><div class="l-section-h i-cf"><div class="g-cols vc_row type_default valign_top"><div class="vc_col-sm-12 wpb_column vc_column_container"><div class="vc_column-inner"><div class="wpb_wrapper"><div class="wpb_text_column" ><div class="wpb_wrapper"><h2>Protección de datos</h2>
</div></div><div class="wpb_text_column" ><div class="wpb_wrapper"><p>Esta es la política de protección de datos del Ayuntamiento de Tossa de Mar. Hace referencia a los datos de personas físicas con las que se relaciona en el ejercicio de sus competencias y funciones. Dadas las funciones del Ayuntamiento de Tossa de Mar algunos tratamientos son el resultado de la prestación de servicios a otras administraciones públicas que le han delegado funciones. El tratamiento se efectúa cumpliendo el Reglamento General de Protección de Datos (Reglamento (UE) 2016/679 del Parlamento Europeo y del Consejo, de 27 de abril de 2016) y la normativa estatal sobre esta materia.</p>
<p><strong>¿Quién es el responsable del tratamiento de los datos personales?</strong></p>
<p>El responsable del tratamiento de los datos personales es el Ayuntamiento de Tossa de Mar (en adelante, el Ayuntamiento), con CIF P1721500E y domicilio en la Avenida del Pelegrí, 25 de Tossa de Mar (CP 17320), tel. +34 972 34 01 00, ajuntament@tossademar.org, <span class="marker"><a href="http://www.tossademar.cat/">www.tossademar.cat</a></span>.</p>
<p><strong>¿Con qué criterios tratamos los datos personales?</strong></p>
<p>En el tratamiento de los datos asumimos plenamente los principios del Reglamento General de Protección de Datos.</p>
<p>a) Los tratamos de manera lícita (únicamente cuando tenemos una base legal que nos lo permite) y con transparencia ante el interesado.</p>
<p>b) Los destinamos a los fines determinados, explícitos y legítimos que explicamos en el momento de obtenerlas. Posteriormente, no los tratamos de manera incompatible con dichos fines.</p>
<p>c) Tratamos únicamente los datos adecuados, pertinentes y limitados a lo que es necesario en cada caso y para cada finalidad.</p>
<p>d) Nos esforzamos para que los datos estén actualizados.</p>
<p>e) Los conservamos durante el tiempo necesario, cumpliendo la normativa que regula la conservación de la información pública.</p>
<p>f) Aplicamos las medidas técnicas u organizativas adecuadas para evitar el tratamiento no autorizado o ilícito, o su pérdida, destrucción o daño accidental.</p>
<p><strong>¿Quién es el Delegado de Protección de Datos?</strong></p>
<p>El Delegado de Protección de Datos (DPD) es la persona que supervisa el cumplimiento de la política de protección de datos del Ayuntamiento, velando para que se traten adecuadamente los datos personales y se protejan los derechos de las personas. Entre sus funciones figura la de atender cualquier duda, sugerencia, queja o reclamación de las personas de quienes se tratan datos. Se puede contactar con el delegado de Protección de Datos dirigiéndose por escrito a Avd. del Pelegrí, 25 de Tossa de Mar (CP 17320), tel. +34 972 340 100 o en la dirección electrónica dpd@tossademar.org.</p>
<p><strong>¿Con qué fin y legitimación tratamos sus datos y a quién se los comunicamos?</strong></p>
<p><u>Contacto</u>. Atendemos las consultas de las personas que contactan con nosotros por medio del correo electrónico, formularios de contacto de nuestra web o telefónicamente. Tratamos estos datos con el consentimiento de la persona que se nos ha dirigido. Los datos no se comunican a otras personas.</p>
<p><u>Información de actividades y servicios</u>. Con la autorización de los usuarios sus datos de contacto se utilizan para enviar publicidad relacionada con nuestros servicios o actividades. Tratamos estos datos en base al consentimiento de la persona que recibe las comunicaciones. Los datos no se comunican a otras personas.</p>
<p><u>Videovigilancia</u>. En el acceso a nuestras instalaciones se informa de la existencia de cámaras de videovigilancia mediante los rótulos homologados. Las imágenes que obtenemos con las cámaras de videovigilancia se tratan para preservar el interés público. En casos justificados comunicamos los datos a los cuerpos y fuerzas de seguridad o los órganos judiciales competentes.</p>
<p><strong>¿Cuánto tiempo conservamos los datos?</strong></p>
<p>Cumplimos la obligación legal de limitar al máximo el plazo de conservación de los datos. Por este motivo se conservan sólo el tiempo necesario y justificado por la fin que motivó la obtención. Las imágenes obtenidas por las cámaras de videovigilancia se conservan como máximo durante un mes, si bien, en el caso de incidentes que lo justifiquen, se conservarán el tiempo necesario para facilitar las actuaciones de los cuerpos y fuerzas de seguridad o de los órganos judiciales.</p>
<p><strong>¿Qué derechos tienen las personas en relación a los datos que tratamos?</strong></p>
<p>Tal como prevé el Reglamento General de Protección de Datos, las personas de quienes tratamos datos tienen los siguientes derechos:</p>
<p><u>A saber si se tratan</u>. Cualquier persona tiene, en primer lugar, derecho a saber si tratamos sus datos, con independencia de si ha existido una relación previa.</p>
<p><u>A ser informado en la recogida</u>. Cuando los datos personales se obtienen del propio interesado, en el momento de proporcionarlos debe tener información clara de los fines a los que se destinarán, de quién será el responsable del tratamiento y de los principales aspectos derivados de este tratamiento.</p>
<p><u>A acceder</u>. Derecho muy amplio que incluye el de saber con precisión qué datos personales son objeto de tratamiento, cuál es el fin para el que se tratan, las comunicaciones a otras personas que se harán (en su caso) o el derecho a obtener copia o a saber el plazo previsto de conservación.</p>
<p><u>A pedir su rectificación</u>. Es el derecho a hacer rectificar los datos inexactos que sean objeto de tratamiento por parte nuestra.</p>
<p><u>A pedir su supresión</u>. En determinadas circunstancias existe el derecho a pedir la supresión de los datos cuando, entre otros motivos, ya no sean necesarios para los fines para los que fueron recogidos y justificaron el tratamiento.</p>
<p><u>A pedir la limitación del tratamiento</u>. También en determinadas circunstancias se reconoce el derecho a pedir la limitación del tratamiento de los datos. En este caso, dejarán de ser tratadas y sólo se conservarán para el ejercicio o la defensa de reclamaciones, de acuerdo con el Reglamento General de Protección de Datos.</p>
<p><u>A la portabilidad</u>. En los casos previstos en la normativa se reconoce el derecho a obtener los datos personales propios en un formato estructurado de uso común legible por máquina, y a transmitirlos a otro responsable del tratamiento si así lo decide la persona interesada.</p>
<p><u>A oponerse al tratamiento</u>. Una persona puede aducir motivos relacionados con su situación particular, motivos que comportarán que dejen de tratarse sus datos en el grado o medida que pueda suponer un perjuicio, excepto por motivos legítimos o el ejercicio o defensa ante reclamaciones.</p>
<p><u>A no recibir información</u>. Atendemos inmediatamente las peticiones de no seguir recibiendo información de nuestras actividades y servicios, cuando estos envíos se fundamentaban únicamente en el consentimiento de la persona que es receptora.</p>
<p><strong>¿Como se pueden ejercer o defender los derechos?</strong></p>
<p>Los derechos que acabamos de enumerar se pueden ejercer dirigiendo una solicitud al Ayuntamiento de Tossa o a la dirección postal o a los otros datos de contacto indicados en el encabezamiento.</p>
<p>Si no se ha obtenido respuesta satisfactoria en el ejercicio de los derechos es posible presentar una reclamación ante la Autoridad Catalana de Protección de Datos, por medio de los formularios u otros canales accesibles desde su web (<span class="marker"><a href="http://apdcat.gencat.cat/ca/inici">http://apdcat.gencat.cat/ca/inici</a></span>).</p>
<p>En todos los casos, ya sea para presentar reclamaciones, pedir aclaraciones o hacer llegar sugerencias, es posible dirigirse al Delegado de Protección de Datos mediante mensaje de correo electrónico a la dirección <a href="mailto:dpd@tossademar.org">dpd@tossademar.org</a>.</p>
</div></div></div></div></div></div></div></section>

Protección de datos Esta es la política de protección de datos del Ayuntamiento de Tossa de Mar. Hace referencia a los datos de personas físicas con las que se relaciona en el ejercicio de sus competencias y funciones. Dadas las funciones del Ayuntamiento de Tossa de Mar algunos tratamientos son el resultado de la prestación...
