{"id":8545,"date":"2022-03-23T09:49:05","date_gmt":"2022-03-23T09:49:05","guid":{"rendered":"https:\/\/visittossa.com\/agenda_anual\/festival-de-rumba-i-musica-catalana\/"},"modified":"2026-01-09T12:17:16","modified_gmt":"2026-01-09T12:17:16","slug":"festival-de-rumba-i-musica-catalana","status":"publish","type":"agenda_anual","link":"https:\/\/visittossa.com\/es\/agenda_anual\/festival-de-rumba-i-musica-catalana\/","title":{"rendered":"Festival de Rumba y m\u00fasica catalana"},"content":{"rendered":"<p><strong>Fechas: <\/strong>26, 27 y 28\/06\/26, viernes, s\u00e1bado y domingo<\/p>\n<p>El recinto amurallado de la Vila Vella enmarcar\u00e1 algunos de los conciertos de Rumba y m\u00fasica catalana que ser\u00e1n los protagonistas de este fin de semana.<\/p>\n","protected":false},"featured_media":5858,"template":"","meta":{"_monsterinsights_skip_tracking":false,"_monsterinsights_sitenote_active":false,"_monsterinsights_sitenote_note":"","_monsterinsights_sitenote_category":0},"class_list":["post-8545","agenda_anual","type-agenda_anual","status-publish","has-post-thumbnail","hentry"],"_links":{"self":[{"href":"https:\/\/visittossa.com\/es\/wp-json\/wp\/v2\/agenda_anual\/8545","targetHints":{"allow":["GET"]}}],"collection":[{"href":"https:\/\/visittossa.com\/es\/wp-json\/wp\/v2\/agenda_anual"}],"about":[{"href":"https:\/\/visittossa.com\/es\/wp-json\/wp\/v2\/types\/agenda_anual"}],"wp:featuredmedia":[{"embeddable":true,"href":"https:\/\/visittossa.com\/es\/wp-json\/wp\/v2\/media\/5858"}],"wp:attachment":[{"href":"https:\/\/visittossa.com\/es\/wp-json\/wp\/v2\/media?parent=8545"}],"curies":[{"name":"wp","href":"https:\/\/api.w.org\/{rel}","templated":true}]}}

Festival de Rumba y música catalana

<p><strong>Fechas: </strong>26, 27 y 28/06/26, viernes, sábado y domingo</p>
<p>El recinto amurallado de la Vila Vella enmarcará algunos de los conciertos de Rumba y música catalana que serán los protagonistas de este fin de semana.</p>
