{"id":5107,"date":"2022-02-17T14:36:47","date_gmt":"2022-02-17T14:36:47","guid":{"rendered":"https:\/\/visittossa.com\/agenda_anual\/festa-major-dhivern-de-sant-vicenc\/"},"modified":"2026-01-09T12:18:43","modified_gmt":"2026-01-09T12:18:43","slug":"festa-major-dhivern-de-sant-vicenc","status":"publish","type":"agenda_anual","link":"https:\/\/visittossa.com\/es\/agenda_anual\/festa-major-dhivern-de-sant-vicenc\/","title":{"rendered":"Fiesta Mayor de inverno de Sant Vicen\u00e7"},"content":{"rendered":"<p><strong>Fechas:<\/strong> 22, 23, 24 y 25\/01\/26<\/p>\n<p>Celebraci\u00f3n de la Fiesta Mayor de Sant Vicen\u00e7 con sardanas, conciertos, bailes, espect\u00e1culos infantiles y otras actividades<\/p>\n","protected":false},"featured_media":17794,"template":"","meta":{"_monsterinsights_skip_tracking":false,"_monsterinsights_sitenote_active":false,"_monsterinsights_sitenote_note":"","_monsterinsights_sitenote_category":0},"class_list":["post-5107","agenda_anual","type-agenda_anual","status-publish","has-post-thumbnail","hentry"],"_links":{"self":[{"href":"https:\/\/visittossa.com\/es\/wp-json\/wp\/v2\/agenda_anual\/5107","targetHints":{"allow":["GET"]}}],"collection":[{"href":"https:\/\/visittossa.com\/es\/wp-json\/wp\/v2\/agenda_anual"}],"about":[{"href":"https:\/\/visittossa.com\/es\/wp-json\/wp\/v2\/types\/agenda_anual"}],"wp:featuredmedia":[{"embeddable":true,"href":"https:\/\/visittossa.com\/es\/wp-json\/wp\/v2\/media\/17794"}],"wp:attachment":[{"href":"https:\/\/visittossa.com\/es\/wp-json\/wp\/v2\/media?parent=5107"}],"curies":[{"name":"wp","href":"https:\/\/api.w.org\/{rel}","templated":true}]}}

Fiesta Mayor de inverno de Sant Vicenç

<p><strong>Fechas:</strong> 22, 23, 24 y 25/01/26</p>
<p>Celebración de la Fiesta Mayor de Sant Vicenç con sardanas, conciertos, bailes, espectáculos infantiles y otras actividades</p>
